hen 18358930 is divided by 496187.
11
What is the remainder when 3489027 is divided by 6?
3
Calculate the remainder when 345788 is divided by 42998.
1804
Calculate the remainder when 16567687 is divided by 33.
4
What is the remainder when 640122 is divided by 40004?
58
What is the remainder when 54815433 is divided by 236?
185
What is the remainder when 28639638 is divided by 3579950?
38
What is the remainder when 5291052 is divided by 165?
162
What is the remainder when 5313038 is divided by 169?
16
What is the remainder when 66215657 is divided by 32?
9
Calculate the remainder when 84969 is divided by 28027.
888
Calculate the remainder when 24911372 is divided by 24911321.
51
What is the remainder when 74450 is divided by 74356?
94
What is the remainder when 85958 is divided by 500?
458
Calculate the remainder when 4881353 is divided by 193.
190
Calculate the remainder when 1533745 is divided by 532.
521
What is the remainder when 4207458 is divided by 216?
210
What is the remainder when 225628 is divided by 1474?
106
Calculate the remainder when 2065985 is divided by 74.
53
Calculate the remainder when 1482011 is divided by 44.
3
Calculate the remainder when 736721 is divided by 2592.
593
What is the remainder when 1618886 is divided by 179874?
20
Calculate the remainder when 421993223 is divided by 12.
11
What is the remainder when 263074 is divided by 858?
526
Calculate the remainder when 278972619 is divided by 4.
3
Calculate the remainder when 59233 is divided by 4356.
2605
Calculate the remainder when 245829 is divided by 18906.
51
Calculate the remainder when 284603 is divided by 138.
47
Calculate the remainder when 1106404 is divided by 2008.
2004
What is the remainder when 165683 is divided by 41265?
623
Calculate the remainder when 10914273 is divided by 7.
6
Calculate the remainder when 2854579 is divided by 20685.
49
What is the remainder when 52958 is divided by 17579?
221
Calculate the remainder when 6884870 is divided by 418.
410
Calculate the remainder when 2446514 is divided by 663.
44
What is the remainder when 6898708 is divided by 1862?
1860
What is the remainder when 86909 is divided by 15443?
9694
Calculate the remainder when 340333 is divided by 20741.
8477
What is the remainder when 6976505 is divided by 3998?
3993
Calculate the remainder when 2110544 is divided by 150753.
2
What is the remainder when 10427266 is divided by 19637?
19
Calculate the remainder when 141771 is divided by 141596.
175
Calculate the remainder when 516831 is divided by 1172.
1151
Calculate the remainder when 800163 is divided by 266713.
24
What is the remainder when 3768489 is divided by 754?
751
What is the remainder when 22092796 is divided by 32?
28
Calculate the remainder when 65395656 is divided by 21.
18
Calculate the remainder when 644024 is divided by 644013.
11
What is the remainder when 3207653 is divided by 5199?
5069
What is the remainder when 52265 is divided by 2268?
101
Calculate the remainder when 1542426 is divided by 49753.
83
What is the remainder when 251917 is divided by 288?
205
What is the remainder when 491764 is divided by 3772?
1404
Calculate the remainder when 687795 is divided by 23674.
1249
What is the remainder when 379420 is divided by 9033?
34
What is the remainder when 3354018 is divided by 122?
116
What is the remainder when 4733743 is divided by 463?
31
Calculate the remainder when 84193 is divided by 423.
16
What is the remainder when 805003 is divided by 221?
121
What is the remainder when 4326628 is divided by 76?
24
Calculate the remainder when 1399498 is divided by 60.
58
What is the remainder when 67194 is divided by 65348?
1846
Calculate the remainder when 53378 is divided by 1994.
1534
What is the remainder when 167519 is divided by 170?
69
What is the remainder when 691860 is divided by 691819?
41
What is the remainder when 1302162 is divided by 8456?
8394
Calculate the remainder when 287121 is divided by 15711.
4323
Calculate the remainder when 2151344 is divided by 4957.
6
Calculate the remainder when 77464122 is divided by 759452.
18
Calculate the remainder when 883348 is divided by 294442.
22
What is the remainder when 538556 is divided by 48957?
29
What is the remainder when 792780 is divided by 198181?
56
Calculate the remainder when 2600757 is divided by 1217.
28
Calculate the remainder when 168554 is divided by 56073.
335
Calculate the remainder when 125294 is divided by 338.
234
What is the remainder when 2684694 is divided by 805?
19
Calculate the remainder when 89080 is divided by 44333.
414
Calculate the remainder when 550380 is divided by 1582.
1426
Calculate the remainder when 928342099 is divided by 529.
528
Calculate the remainder when 175193 is divided by 28.
25
What is the remainder when 402431 is divided by 201166?
99
Calculate the remainder when 269872 is divided by 1424.
736
Calculate the remainder when 155246 is divided by 107.
96
What is the remainder when 240976 is divided by 4629?
268
Calculate the remainder when 12265744 is divided by 280.
64
Calculate the remainder when 289022 is divided by 287413.
1609
What is the remainder when 8233 is divided by 8149?
84
What is the remainder when 8338431 is divided by 40?
31
Calculate the remainder when 4016109 is divided by 313.
6
What is the remainder when 918938 is divided by 4376?
4354
Calculate the remainder when 638592 is divided by 13878.
204
Calculate the remainder when 431280 is divided by 1783.
1577
Calculate the remainder when 1218110 is divided by 203016.
14
Calculate the remainder when 1476099 is divided by 295219.
4
What is the remainder when 808937 is divided by 173?
162
What is the remainder when 35434 is divided by 138?
106
Calculate the remainder when 4741227 is divided by 651.
645
What is the remainder when 39787872 is divided by 3071?
3067
What is the remainder when 2152395 is divided by 254?
253
What is the remainder when 1933627 is divided by 1119?
1114
Calculate the remainder when 59242 is divided by 1927.
1432
What is the remainder when 36931 is divided by 11095?
3646
What is the remainder when 3427693 is divided by 128?
109
What is the remainder when 90830 is divided by 36?
2
What is the remainder when 308798 is divided by 2007?
1727
Calculate the remainder when 9514207 is divided by 151.
150
Calculate the remainder when 308734649 is divided by 218.
215
Calculate the remainder when 363503 is divided by 1050.
203
Calculate the remainder when 72733 is divided by 4687.
2428
What is the remainder when 5607171 is divided by 100?
71
Calculate the remainder when 848945 is divided by 27384.
41
Calculate the remainder when 28506355 is divided by 4740.
4735
What is the remainder when 40163363 is divided by 125?
113
What is the remainder when 286084257 is divided by 22?
19
Calculate the remainder when 35403 is divided by 3400.
1403
Calculate the remainder when 697242 is divided by 139412.
182
Calculate the remainder when 41150737 is divided by 74.
3
What is the remainder when 284903550 is divided by 6364?
6362
Calculate the remainder when 20764755 is divided by 6921582.
9
Calculate the remainder when 36761 is divided by 301.
39
Calculate the remainder when 6469943 is divided by 14671.
32
Calculate the remainder when 46362821 is divided by 1766.
23
Calculate the remainder when 616323 is divided by 67494.
8877
What is the remainder when 190898566 is divided by 7294?
7292
What is the remainder when 2887001 is divided by 976?
969
What is the remainder when 23900 is divided by 114?
74
Calculate the remainder when 980506 is divided by 88.
10
What is the remainder when 1051846 is divided by 131409?
574
Calculate the remainder when 33799659 is divided by 450661.
84
Calculate the remainder when 1439442 is divided by 13.
4
Calculate the remainder when 490766 is divided by 762.
38
Calculate the remainder when 390856 is divided by 195406.
44
Calculate the remainder when 7812068 is divided by 83107.
10
Calculate the remainder when 467651119 is divided by 62.
61
What is the remainder when 277206 is divided by 5146?
4468
Calculate the remainder when 119832 is divided by 7488.
24
Calculate the remainder when 9456414 is divided by 52.
6
What is the remainder when 7602783 is divided by 475167?
111
Calculate the remainder when 18381134 